 the greatest common divisor of d and 280?
56
Let p = -65 - -100. Suppose 5*t = b - 14 + 39, -3*b = 0. What is the greatest common divisor of p and t?
5
Suppose 12 = 2*b - b. Let g be -8 - (1 + 1 - 5). Let i = g - -17. What is the highest common factor of i and b?
12
Let h(u) be the first derivative of u**3 - u**2/2 - u + 6. Let l be h(-2). What is the greatest common divisor of 26 and l?
13
Let x = -6 + 3. Let t(f) = -38*f - 4. Let q be t(x). Calculate the greatest common divisor of q and 44.
22
Suppose -12 = 3*z, -5*o = z - 5*z - 26. Suppose 2*j - 96 = -o*j. Let k(d) = 8*d + 4. Let g be k(4). Calculate the greatest common divisor of j and g.
12
Let r(w) = -3*w + 4. Let d be r(-4). Let l(q) = 3*q**2 + q + 10. Let h be l(3). Calculate the greatest common factor of h and d.
8
Suppose 0*f - 4*f = q - 70, -2*q = -2*f - 190. Suppose a = -a + q. Calculate the greatest common factor of a and 9.
9
Let m be (4/3)/((-2)/30). Let x = 41 + m. Suppose -9*b + 3 = -8*b. Calculate the greatest common divisor of x and b.
3
Let y(o) = o**2 + 8*o + 6. Let k be y(-6). Let x = k - -8. What is the highest common factor of 1 and x?
1
Suppose -r + 3*r = 0. Let y be 0 - 0 - (-2 + r). Suppose 34 = y*s - 26. What is the highest common divisor of s and 10?
10
Suppose -k + 160 = -5*y, 1 = -3*y + 7. Let g = k + -100. Calculate the greatest common factor of g and 10.
10
Let o(p) = 11*p + 59. Let i be o(-4). Let z(m) = m + 15. Let j be z(0). Calculate the highest common factor of i and j.
15
Let z = 1 + 0. Let v = z - -1. Calculate the highest common divisor of 16 and v.
2
Let a(f) = -f**2 + 26*f + 16. Let k be a(14). Let v be -3*(-3)/((-9)/(-23)). Calculate the highest common divisor of v and k.
23
Let f(x) = x**3 + 6*x**2 + 5*x + 3. Let s be (-94)/18 - (-2)/9. Let d be f(s). Calculate the greatest common factor of d and 3.
3
Let w = 132 + -114. Calculate the highest common factor of w and 63.
9
Suppose -20 = 5*o, 2*q = -2*o + 5 - 1. Calculate the greatest common factor of 18 and q.
6
Let y = -15 - -22. Let r(l) = 2*l - 9. Let q be r(y). Let u be -1*(-8 + q + -2). Calculate the highest common divisor of u and 35.
5
Let p = 53 + -33. Let h be p/8 + (-1)/2. What is the greatest common divisor of h and 4?
2
Suppose -5*x = -157 + 47. Suppose 4*m - x - 6 = 0. What is the highest common divisor of 14 and m?
7
Let q(d) = -11*d + 2. Let v be q(-1). Calculate the highest common factor of 104 and v.
13
Let y = 76 - 10. Calculate the highest common divisor of 6 and y.
6
Let z be 0*(-2)/2 + 0. Suppose 0 = -n + 5*n - 176. Suppose 4*k - n = -z*k. What is the highest common divisor of 99 and k?
11
Let b(d) = 5*d + 5. Let j be b(7). Calculate the highest common factor of j and 120.
40
Let j = 138 - 72. Suppose 2*y - 4*u = -2, 5 + 0 = -u. Let d = 17 + y. What is the highest common divisor of d and j?
6
Let y(d) = -2 + 4*d**2 - 4*d + 3*d + 0. Let g be y(-2). Let k = 276 + -164. Calculate the highest common factor of g and k.
16
Suppose -3*l + 3*d = -d - 407, 0 = -d + 1. Let k = l - 47. What is the highest common divisor of k and 18?
18
Let i(k) = -k. Let v be i(4). Let y(t) = -4*t + 5. Let c be y(v). What is the highest common divisor of 7 and c?
7
Let m(z) = -31*z + 1. Let j be m(-1). What is the highest common factor of j and 4?
4
Suppose 56 = 2*s + 4*c, -4*c + c = s - 27. Suppose -5*m - 18 = 4*r, 2 = -2*r - m + 2*m. Let l be -18*r/(8/10). Calculate the greatest common factor of s and l.
15
Let t = -43 - -83. What is the highest common factor of 10 and t?
10
Suppose 5*g = -6*s + 2*s + 129, 5*g = -2*s + 57. What is the highest common divisor of s and 90?
18
Suppose 0 = 3*z + 4*h - 55, -7*h + 3*h = -3*z + 95. Calculate the highest common divisor of 10 and z.
5
Suppose -i = -3*d + 6*d - 7, i - 2*d - 2 = 0. Suppose -w + 21 = 4*s, s - i = -w + 14. Calculate the greatest common factor of 34 and w.
17
Suppose -2*m - 3 = -11. Suppose s - 3*n = 10 + 2, n + 103 = m*s. What is the highest common divisor of s and 18?
9
Let y(b) = b**3 + 5*b**2 - 10*b - 15. Suppose 3*i + 16 = -2. Let j be y(i). What is the highest common divisor of j and 36?
9
Let k(o) = o + 6. Suppose 7*w - 2*w = 0. Let y be k(w). Calculate the highest common divisor of 15 and y.
3
Let f(c) = c**2 + 18*c + 44. Let w be f(-17). What is the highest common divisor of 27 and w?
27
Let r = 7 - 19. Let n(z) = -z**2 - 13*z + 16. Let c be n(r). Calculate the highest common divisor of 308 and c.
28
Let a(k) = -k**2 - 5*k + 2. Let c be a(-4). Let p(s) = -s**3 + 14*s**2 + 18*s - 39. Let t be p(15). Calculate the highest common divisor of c and t.
6
Let a be ((-2)/6)/((-5)/180). Calculate the highest common factor of 12 and a.
12
Let x(l) = 15*l**3 + l**2 + 2. Let y be x(-2). Let s = y + 170. Calculate the highest common divisor of s and 140.
28
Suppose -46 = -4*c + 86. Let h = -21 + c. Suppose 3*u + h = 2*x, 3*u = -x - x + 36. What is the highest common factor of 36 and x?
12
Let t be 2/(-5) + (-168)/(-20). What is the highest common divisor of t and 24?
8
Let m be (0 + 3)/(3/3). Suppose -2*i + m*i - 17 = 0. What is the greatest common divisor of i and 51?
17
Let s(t) = 3*t**2 - 3*t - 1. Let r be s(-2). Let b(o) = -o**3 + 3*o**2 + 5*o + 3. Let u be b(6). Let q = u + 143. What is the highest common factor of r and q?
17
Let c(p) = -p**2 + 1. Let f be c(-1). Let m(g) = 0*g**2 + 1 + g**2 + 8 - 1. Let x be m(f). What is the highest common factor of 24 and x?
8
Let g(t) = t**2 + 9*t + 11. Let k be g(-8). Calculate the highest common factor of 1 and k.
1
Let x = 39 - -1. What is the highest common factor of x and 50?
10
Let c = -274 + 398. Let p = c - 60. Calculate the highest common divisor of p and 16.
16
Let z(b) = b**3 + 9*b**2 - 9*b + 8. Let l be z(-10). Let h be -2 + -1 + 19 + l. What is the greatest common factor of 2 and h?
2
Let a be (6*4/30)/((-7)/(-210)). What is the highest common factor of a and 36?
12
Let d = 7 + 57. Calculate the highest common divisor of d and 8.
8
Let v = 534 - 332. Suppose 3*c + 4*i = -2*c + 258, 4*c - v = -i. Let f be 0/(-1 - -3) - -20. Calculate the highest common divisor of f and c.
10
Let x be 86/1 - (0 - 4). What is the greatest common factor of x and 10?
10
Suppose 2*f - 10 = -3*f. Suppose l = -4*a - 1, -2*l - a = l - 52. Suppose -f*o = -l - 7. Calculate the greatest common divisor of 130 and o.
13
Let l be (-9)/(-1 - -1 - 3/22). Calculate the highest common divisor of l and 165.
33
Let h = 10 - 16. Let y be (-915)/h - (-2)/4. Calculate the greatest common divisor of y and 17.
17
Suppose 0 = -4*r + u + 471, -4*u + 54 = r - 51. What is the greatest common factor of 78 and r?
39
Let i = 116 + -50. Calculate the highest common divisor of 22 and i.
22
Suppose -v - 24 = -5*v. Suppose -3*n + 8*n + 40 = 0. Let x = n + 14. Calculate the greatest common divisor of x and v.
6
Let g = -16 + -4. Let y be -2 - -2 - g/2. Let c be 252/60 + 1/(-5). Calculate the highest common divisor of c and y.
2
Suppose 3*a + 5*l = 27, 2*a + 3*a - 55 = -5*l. Calculate the greatest common factor of 4 and a.
2
Let w be 4/(-22) + 1385/55. What is the highest common divisor of 100 and w?
25
Let i = -1 + 7. Suppose 7*s + 226 - 51 = 0. Let j = s - -49. Calculate the highest common factor of j and i.
6
Suppose 7*k - 2*k - 10 = 0. Let m be (2 - k) + -1 + 3. Let l = 7 + m. What is the greatest common factor of l and 81?
9
Suppose 4*z - 75 = b, 21*z - 3*b = 18*z + 63. Suppose 4*k - 93 = 87. What is the greatest common factor of k and z?
9
Let g = 69 - 35. Calculate the highest common factor of 17 and g.
17
Suppose 47*x + 255 = 48*x. What is the greatest common divisor of x and 15?
15
Let a be (-2)/(-6) + (-140)/(-12). Let d(k) be the first derivative of -3*k**2/2 - 9*k - 1. Let o be d(-7). Calculate the greatest common factor of a and o.
12
Let p(n) = -n**3 - 4*n**2 - n + 2. Let q be p(-4). Suppose 2*r = 2*i + 18, r + 0 - q = 4*i. What is the greatest common divisor of r and 30?
10
Let t(y) be the second derivative of -y**4/12 + 2*y**3 - 4*y**2 + 11*y. Let i be t(6). What is the highest common divisor of i and 7?
7
Let v(z) = 2*z**2 - z - 2. Let a be v(3). Let l be -2*((-3)/2 + 2). Let t be 40 - 2 - l/1. Calculate the highest common divisor of a and t.
13
Suppose 0*q + 28 = 2*q. Calculate the greatest common divisor of 2 and q.
2
Let s be (44 +